 w(-2)?
7
Let j be (-10)/(-6) + 5890/30. Suppose 0 = -o - 0*o + j. What is the units digit of o?
8
Suppose -2*w = -o - 19987, -29980 = -3*w + 452*o - 451*o. What is the units digit of w?
3
Suppose -1178 = -2*i + u + 36016, 3*i = 5*u + 55798. What is the thousands digit of i?
8
Let p = -57889 + 142156. What is the units digit of p?
7
What is the units digit of (-2)/((-2)/15233 + 0) - (6 - -2)?
5
Suppose -6312 = -m - r, -17*m + r + 31572 = -12*m. What is the units digit of m?
4
Let s = -6127 + 16591. What is the hundreds digit of s?
4
What is the tens digit of (218272/(-133))/((-54)/567)?
3
Let x be (-9)/((-18)/4672) + -4 + -1. Suppose 5*f - 4*g - x = 0, 5*f = -0*f - g + 2311. What is the units digit of f?
3
What is the thousands digit of 8/(-2) - (29 - -4700)/(2/(-6))?
4
What is the ten thousands digit of (2 + -1)/(7/56) - (-23641 - 2)?
2
Let v(d) = -41 + 9*d + 49 + 87. What is the units digit of v(23)?
2
Let d(b) = b**3 + b + 1. Let z(g) = 10*g**3 - 5*g**2 + 4*g + 4. Let k(j) = -3*d(j) + z(j). What is the units digit of k(1)?
4
Let z = 13131 - 6549. What is the thousands digit of z?
6
Let g(u) = -1534*u + 880. What is the units digit of g(-3)?
2
Suppose -14 = -5*i - 2*i. Let l(u) = -10*u - 42 + u + 17*u + 2*u**i. What is the units digit of l(6)?
8
Suppose -182 - 194 = 8*x. Let b = x + 72. Let j = 79 - b. What is the tens digit of j?
5
Suppose -17*f + 1615 = -5*a - 12*f, 4*a + 1287 = -f. Let d = a + 979. What is the units digit of d?
7
Let k(d) = -110*d**3 + 7*d**2 + 27*d + 150. What is the thousands digit of k(-6)?
4
Let l(o) = -2*o**3 - 222*o**2 - 53*o - 692. What is the units digit of l(-113)?
3
What is the tens digit of (-3 - (-95)/30)*-2 + 384890/15?
5
Let p = 32 - 32. Suppose 4*w + p*q - 45 = q, 0 = -5*w - 2*q + 53. What is the units digit of (-13 + w)*(-8)/2?
8
Let x(a) = -9*a**3 + 13*a**2 + 60*a - 59. What is the hundreds digit of x(-10)?
6
Let u = -33 + 39. What is the units digit of (u/(-15))/(2/(-940))?
8
Suppose 0 = 9*h - 19*h - h + 104489. What is the thousands digit of h?
9
Let j be ((-6)/(-5 - -11))/((-2)/4). Suppose j*x + 6*x = 608. What is the tens digit of x?
7
Let w = 11604 - -2585. What is the tens digit of w?
8
Let z = 18624 + 4372. What is the units digit of z?
6
Let s = 71 - 83. What is the units digit of (-1528)/s*(-5)/(5/(-3))?
2
Let x(r) = 648*r + 66. Let c be x(3). Suppose -5*g + c = -1470. What is the hundreds digit of g?
6
Let i(w) be the third derivative of w**5/10 - w**4/24 - 2*w**3/3 - 5*w**2. Let y be i(3). Suppose 8*v - y = 7*v. What is the units digit of v?
7
Let f(h) = 65*h**2 - 363*h + 4. What is the units digit of f(40)?
4
Let u(g) = 61*g - 468 + 468. Let n be u(1). Suppose -2*y - n = -179. What is the tens digit of y?
5
What is the units digit of (-2417064)/(-208)*(-1)/(3/(-12))?
2
Suppose 147*x + 87*x - 33*x - 2612799 = 0. What is the ten thousands digit of x?
1
Let n = 66 - 67. Let y(k) = -4*k**3 + k**2 - 2*k - 3. Let z be y(n). Suppose -w + 4*w = -4*r + 282, -z*r - 2*w = -284. What is the tens digit of r?
7
Let c(g) = 154*g - 49. Let j be c(3). Suppose -j - 673 = -6*f. What is the hundreds digit of f?
1
Let s(l) = -l**3 + 3*l**2 + 29*l - 5. Let f be s(7). What is the hundreds digit of -2 + f - (-11)/(22/3754)?
8
Let n = -161 - -155. What is the hundreds digit of ((-4)/n)/(28/8904)?
2
Let l(m) = 6*m**2 + 9*m - 12. Let w(j) = j**2 + j. Let n(z) = -l(z) + 4*w(z). Let h be n(-4). Suppose h = 10*t - 1106 + 276. What is the units digit of t?
3
Let i(n) = -n**2 - 4*n + 9. Let h = -61 - -56. Let g be i(h). Suppose 0 = g*a + 21 - 5, -a = -w + 216. What is the hundreds digit of w?
2
Suppose 22*l - 22641 = 213375. Suppose -41*f - l = -53*f. What is the tens digit of f?
9
Let l(o) = 217*o**3 + o**2 + 3*o - 8. Let x be (-5*4/(-15))/(6/9). What is the hundreds digit of l(x)?
7
Suppose -x + 9 = -2*m + 4*x, -8 = 5*m + 2*x. Let q be 4/(-2)*m*(1 + 0). Suppose q*u - 864 = -2*u. What is the hundreds digit of u?
1
Let b(k) = -5*k - k**3 + 0*k**3 - 9 - 4 + 2*k**3 - 8*k**2. Let v be 16/(-40) - 47/(-5). What is the units digit of b(v)?
3
Suppose 0 = 4*y + q - 21, 2*y = -0*y + 3*q + 21. Suppose -3*w - 162 = -y*w. Suppose -3*i - i + 2*t = -w, -4*t = 4. What is the tens digit of i?
1
Let v = 568 + -550. Suppose -v*c = -7878 - 78. What is the tens digit of c?
4
Let o = -2351 - -4343. What is the units digit of o?
2
Let j be 711/(-81) + 4/(-18). Let m be (-4*j/30)/((-6)/(-620)). Suppose 20*y - 24*y + m = 0. What is the tens digit of y?
3
Let w = -1619 - -5821. What is the units digit of w?
2
Let t(y) = 3*y**2 + 3*y - 2. Let q be t(4). Suppose -2*p = -96 - q. What is the tens digit of p?
7
Let f = -43 - -47. Suppose 5*p + f*l + 1175 = 0, 8 = -3*l - 7. Let x = -114 - p. What is the hundreds digit of x?
1
Let t(n) = -26482*n + 6835. What is the ten thousands digit of t(-3)?
8
Suppose 9960 = v - 2*d, -214*d + 211*d = 15. What is the tens digit of v?
5
Let q = 627 + -1554. Let z = 1305 + q. What is the hundreds digit of z?
3
Suppose 3*w = -5*o + 1732, -2*o + 4*w + 418 + 254 = 0. Let b = o - 142. What is the units digit of b?
2
Suppose 1080*f - 197918 = 1066*f. What is the hundreds digit of f?
1
Let f(h) = 3*h + 15 + 4 - h**2 - 8 + 16. Let w be f(6). What is the tens digit of w*-4*7/(-4)?
6
Suppose 53 = -11*u + 20. Let f be 2*(-3 + u/(-2) + 1). What is the units digit of f - (768/(-4))/4?
7
Let x(n) be the first derivative of 28*n**3/3 - 5*n**2/2 + 43*n - 16. What is the tens digit of x(5)?
1
Suppose 0 = 2*q + 24 - 40. Let t(m) = -2*m - 15*m**2 + 2*m**3 + 4*m**2 + 3*m**2 + 14 - q*m. What is the units digit of t(6)?
8
Suppose -25*x = 3426 - 32051. Suppose -5770 = -5*z + l - 6*l, -2*l = -z + x. What is the hundreds digit of z?
1
Suppose -3453 = 7*q - 15619. What is the hundreds digit of q?
7
Suppose -10582 = -7*c + 42261. What is the units digit of c?
9
Let u = -46 + 37. Let m be (-57)/u + 3 - 3/9. What is the tens digit of (-72)/(-2)*(m/6 + -1)?
1
Let f be (-60)/(-18) - (-56)/(-6). Let h be (21/4)/((-2)/8). What is the tens digit of (875/h)/(2/f)?
2
What is the tens digit of (-12)/(((-3)/(-2))/1) + (21 - -68173)?
8
Suppose 20*o - 902885 - 424355 = 0. What is the tens digit of o?
6
Let p = -155986 - -223725. What is the ten thousands digit of p?
6
Let g = 148 + -42. What is the units digit of (-3)/((13/g)/(-13))?
8
Suppose 5*a - 3*c + 12 = 76, 2*c - 5 = -a. Suppose a*l - 9*l = 382. What is the units digit of l?
1
Let a be -4 + 3 - -10 - (8 - 4). Suppose -x - 11 = -6, a*s - 905 = x. What is the hundreds digit of s?
1
Suppose 494 + 1310 = 22*i. Suppose 0 = -102*b + i*b + 1820. What is the tens digit of b?
9
Let m = 13687 - 4248. What is the thousands digit of m?
9
Let p(x) = -236*x + 15. Let j be p(1). Let a = j - -473. What is the tens digit of a?
5
Let o(b) = 14*b + 4. Let s(j) = -7*j - 2. Let a(n) = 3*o(n) + 7*s(n). Let r be a(-4). What is the tens digit of 0/8 - (-1 - r)?
2
Let a be 1/(5/20) + -4 + 15. Let f(s) = 6*s**2 - 76*s + 15. What is the tens digit of f(a)?
2
Suppose 5973 = -171*n + 172*n + 4*s, -3*s + 5967 = n. What is the units digit of n?
9
Suppose -2*f + 81 = 77. Suppose -n - 430 = -3*q, 4*q + 342 = -f*n + 932. What is the units digit of q?
5
Let w = -226 + 228. Suppose -w*d = -2*g + 1274, -5*g = 4*d - 3285 + 82. What is the tens digit of g?
3
Let f be (11 + -5)/((-12)/(-20)). Suppose -f = -5*m, 5*d - 19 = -4*m - 1. Suppose -d*r + 272 = -48. What is the hundreds digit of r?
1
What is the tens digit of (6/45*3)/(12/137370)?
7
Let v(q) = 3*q + 9. Let a be v(16). Let w be (-63)/(-9)*(2 + -4). Let d = a + w. What is the units digit of d?
3
Suppose 0 = -143*w + 1653281 + 1141368. What is the ten thousands digit of w?
1
Let k(y) = -3*y - 30. Let t be k(-11). Suppose t*g + 0*u - 3*u = 63, -4*g + u + 96 = 0. What is the tens digit of g?
2
Suppose 4*h - 6447 = -3*f + 413, -3*f = -3*h - 6867. What is the hundreds digit of f/44*20/1?
0
Suppose 44*k - 49*k + 2*w = -109594, -19*k + 3*w = -416448. What is the hundreds digit of k?
9
Suppose -3*k - 5*f + 19339 = 0, -110*k + 105*k - f = -32195. What is the hundreds digit of k?
4
Suppose -142*q + 554344 + 424069 = 14801. What is the hundreds digit of q?
7
Suppose 6*k - 8*k + 162136 = 4*j, 405325 = 5*k + 5*j. What is the tens digit of k?
6
Let x = -9964 - -17214. Suppose -8*d + x = 2*d. Wha